digit of 299132644?
4
What is the thousands digit of 3871070?
1
What is the thousands digit of 63613211?
3
What is the units digit of 3450294604?
4
What is the tens digit of 27087152?
5
What is the billions digit of 1323072238?
1
What is the hundred thousands digit of 6192901?
1
What is the tens digit of 721706923?
2
What is the ten millions digit of 856727787?
5
What is the hundreds digit of 3145070?
0
What is the units digit of 294901734?
4
What is the ten thousands digit of 1973458809?
5
What is the thousands digit of 115124580?
4
What is the hundreds digit of 220615559?
5
What is the thousands digit of 82956625?
6
What is the ten millions digit of 113897749?
1
What is the hundreds digit of 1388087422?
4
What is the ten thousands digit of 46272746?
7
What is the ten thousands digit of 5987475199?
7
What is the hundred thousands digit of 1434096929?
0
What is the ten thousands digit of 1797986879?
8
What is the hundreds digit of 1239566980?
9
What is the hundred millions digit of 101344505?
1
What is the units digit of 1138831704?
4
What is the ten thousands digit of 267869955?
6
What is the tens digit of 61936352?
5
What is the thousands digit of 37327227?
7
What is the ten thousands digit of 11486904?
8
What is the billions digit of 1496036660?
1
What is the hundred thousands digit of 778156814?
1
What is the units digit of 8936771?
1
What is the units digit of 27889303?
3
What is the hundred millions digit of 2811339633?
8
What is the hundred millions digit of 176511334?
1
What is the ten thousands digit of 2880469?
8
What is the tens digit of 2752199?
9
What is the ten thousands digit of 1655004452?
0
What is the millions digit of 27085886?
7
What is the ten thousands digit of 32111963?
1
What is the hundreds digit of 54812541?
5
What is the hundreds digit of 289385483?
4
What is the millions digit of 5051449046?
1
What is the thousands digit of 237289019?
9
What is the millions digit of 283572399?
3
What is the tens digit of 107963077?
7
What is the millions digit of 207661124?
7
What is the units digit of 477568?
8
What is the hundred thousands digit of 101848690?
8
What is the hundred millions digit of 232092309?
2
What is the hundred thousands digit of 53669448?
6
What is the millions digit of 310730324?
0
What is the ten millions digit of 75420411?
7
What is the units digit of 58901022?
2
What is the millions digit of 55424583?
5
What is the billions digit of 3796101348?
3
What is the hundred thousands digit of 337914749?
9
What is the hundreds digit of 24230037?
0
What is the hundred millions digit of 152694309?
1
What is the ten thousands digit of 118505717?
0
What is the ten millions digit of 582968376?
8
What is the hundreds digit of 86894995?
9
What is the units digit of 448560969?
9
What is the ten millions digit of 78734549?
7
What is the hundred millions digit of 3130799617?
1
What is the millions digit of 7563575?
7
What is the billions digit of 7907292942?
7
What is the ten thousands digit of 6475280623?
8
What is the units digit of 1096461230?
0
What is the billions digit of 3337241853?
3
What is the thousands digit of 259060436?
0
What is the hundred thousands digit of 492061497?
0
What is the hundred thousands digit of 62398329?
3
What is the hundreds digit of 2665262145?
1
What is the units digit of 2559176954?
4
What is the units digit of 93079774?
4
What is the hundred millions digit of 1797634063?
7
What is the billions digit of 6331184499?
6
What is the millions digit of 839107841?
9
What is the millions digit of 341435276?
1
What is the ten thousands digit of 528935256?
3
What is the hundred millions digit of 617808545?
6
What is the ten millions digit of 603657645?
0
What is the hundred millions digit of 255348794?
2
What is the hundred millions digit of 292261920?
2
What is the tens digit of 161594741?
4
What is the tens digit of 51377531?
3
What is the hundred thousands digit of 1206322873?
3
What is the ten thousands digit of 7698355?
9
What is the units digit of 81420614?
4
What is the hundred millions digit of 2472358529?
4
What is the ten millions digit of 249584774?
4
What is the ten thousands digit of 45765461?
6
What is the hundreds digit of 75115262?
2
What is the ten thousands digit of 156665072?
6
What is the ten thousands digit of 411923886?
2
What is the ten thousands digit of 1484740759?
4
What is the hundreds digit of 61114542?
5
What is the thousands digit of 90177367?
7
What is the hundreds digit of 691933020?
0
What is the units digit of 4254646370?
0
What is the hundreds digit of 155949240?
2
What is the tens digit of 4313857252?
5
What is the ten millions digit of 1756381748?
5
What is the millions digit of 65740863?
5
What is the thousands digit of 417792641?
2
What is the millions digit of 94790516?
4
What is the hundreds digit of 533014299?
2
What is the ten thousands digit of 369186939?
8
What is the ten thousands digit of 2046176695?
7
What is the thousands digit of 130666901?
6
What is the hundreds digit of 413336032?
0
What is the thousands digit of 60418839?
8
What is the ten thousands digit of 125145021?
4
What is the ten thousands digit of 5446141488?
4
What is the units digit of 3986602?
2
What is the units digit of 211966580?
0
What is the ten thousands digit of 42867790?
6
What is the hundred thousands digit of 1119820103?
8
What is the tens digit of 80563303?
0
What is the units digit of 153762848?
8
What is the ten millions digit of 4818486020?
1
What is the tens digit of 3511105?
0
What is the ten millions digit of 972711733?
7
What is the hundreds digit of 879954989?
9
What is the ten thousands digit of 1249699080?
9
What is the tens digit of 145942182?
8
What is the tens digit of 3601497?
9
What is the hundreds digit of 74023400?
4
What is the thousands digit of 7164281?
4
What is the hundred millions digit of 974743199?
9
What is the units digit of 515421742?
2
What is the ten millions digit of 92611574?
9
What is the hundred millions digit of 3725636453?
7
What is the millions digit of 196167851?
6
What is the tens digit of 53368462?
6
What is the millions digit of 490849809?
0
What is the units digit of 243731316?
6
What is the hundred millions digit of 2488487059?
4
What is the thousands digit of 2484619?
4
What is the hundreds digit of 758453166?
1
What is the hundreds digit of 30611832?
8
What is the hundreds digit of 67186315?
3
What is the ten millions digit of 400162835?
0
What is the tens digit of 29005067?
6
What is the ten thousands digit of 494162547?
6
What is the ten thousands digit of 592585284?
8
What is the hundred thousands digit of 116514226?
5
What is the units digit of 1410495898?
8
What is the units digit of 74080249?
9
What is the thousands digit of 393777809?
7
What is the millions digit of 57961693?
7
What is the millions digit of 74933458?
4
What is the tens digit of 22803503?
0
What is the ten millions digit of 193920836?
9
What is the millions digit of 187359095?
7
What is the hundreds digit of 32256033?
0
What is the ten millions digit of 170439322?
7
What is the hundreds digit of 413055127?
1
What is the hundreds digit of 3186502799?
7
What is the hundred thousands digit of 9397898?
3
What is the tens digit of 393875297?
9
What is the hundreds digit of 136645146?
1
What is the millions digit of 1400536203?
0
What is the hundreds digit of 140688003?
0
What is the units digit of 1216985782?
2
What is the tens digit of 177102352?
5
What is the tens digit of 1818251379?
7
What is the billions digit of 4251635567?
4
What is the ten millions digit of 276929375?
7
What is the thousands digit of 18965479?
5
What is the ten thousands digit of 864664062?
6
What is the tens digit of 556911750?
5
What is the tens digit of 1917849046?
4
What is the hundred millions digit of 246198995?
2
What is the hundred thousands digit of 5447343?
4
What is the millions digit of 1823085846?
3
What is the tens digit of 709117474?
7
What is the ten millions digit of 1235160760?
3
What is the hundred thousands digit of 1572422086?
4
What is the tens digit of 138530579?
7
What is the ten thousands digit of 139785520?
8
What is the units digit of 452021657?
7
What is the hundreds digit of 164174268?
2
What is the hundred thousands digit of 3828182?
8
What is the ten mill